{"id":5060,"date":"2025-08-03T12:13:18","date_gmt":"2025-08-03T16:13:18","guid":{"rendered":"https:\/\/radiosantuario.cl\/2025\/?page_id=5060"},"modified":"2025-08-03T12:18:05","modified_gmt":"2025-08-03T16:18:05","slug":"nuestro-equipo","status":"publish","type":"page","link":"https:\/\/radiosantuario.cl\/2025\/nuestro-equipo\/","title":{"rendered":"Nuestro Equipo"},"content":{"rendered":"\n<p class=\"has-color-4-color has-text-color has-link-color has-medium-font-size wp-elements-a6bfea22c46b8af266f40beb82216c70\">Radio Santuario es el resultado del trabajo comprometido de un equipo heterog\u00e9neo, donde conviven la vocaci\u00f3n, la experiencia y el esp\u00edritu comunitario. Est\u00e1 compuesto por voluntarios que entregan generosamente su tiempo, energ\u00eda y talentos para sostener una programaci\u00f3n con sentido.<\/p>\n\n\n\n<p class=\"has-color-4-color has-text-color has-link-color has-medium-font-size wp-elements-66b9435ac74ff5d5892fde44d982e03c\">La radio es liderada por su representante legal, <strong>Sara Bown<\/strong>, y su director, <strong>Iv\u00e1n Farah<\/strong>, quienes gu\u00edan el proyecto con visi\u00f3n y compromiso. A ellos se suma la periodista <strong>Doris Pons<\/strong>, encargada de aportar rigor informativo y sensibilidad comunicacional.<\/p>\n\n\n\n<p class=\"has-color-4-color has-text-color has-link-color has-medium-font-size wp-elements-81732a3870737699c49eb4ce7d1ca1ed\">El soporte t\u00e9cnico est\u00e1 a cargo de <strong>Jaime Caminada<\/strong>, quien asegura la calidad y continuidad de nuestras transmisiones. Y la identidad sonora de la emisora cobra vida gracias a la voz corporativa del locutor <strong>Anselmo Cort\u00e9s<\/strong>, cuya presencia marca el tono institucional de Radio Santuario.<\/p>\n\n\n\n<p class=\"has-color-4-color has-text-color has-link-color has-medium-font-size wp-elements-d8331e658dffc8bbb41fd0f7708bc8fa\">Juntos, conformamos un equipo que cree en la comunicaci\u00f3n como herramienta de encuentro, servicio y transformaci\u00f3n.<\/p>\n","protected":false},"excerpt":{"rendered":"<p>Radio Santuario es el resultado del trabajo comprometido de un equipo heterog\u00e9neo, donde conviven la vocaci\u00f3n, la experiencia y el esp\u00edritu comunitario. Est\u00e1 compuesto por voluntarios que entregan generosamente su tiempo, energ\u00eda y talentos para sostener una programaci\u00f3n con sentido. La radio es liderada por su representante legal, Sara Bown, y su director, Iv\u00e1n Farah, [&hellip;]<\/p>\n","protected":false},"author":1,"featured_media":0,"parent":0,"menu_order":0,"comment_status":"closed","ping_status":"closed","template":"","meta":{"saved_in_kubio":false,"footnotes":""},"class_list":["post-5060","page","type-page","status-publish","hentry"],"kubio_ai_page_context":{"short_desc":"","purpose":"general"},"_links":{"self":[{"href":"https:\/\/radiosantuario.cl\/2025\/wp-json\/wp\/v2\/pages\/5060","targetHints":{"allow":["GET"]}}],"collection":[{"href":"https:\/\/radiosantuario.cl\/2025\/wp-json\/wp\/v2\/pages"}],"about":[{"href":"https:\/\/radiosantuario.cl\/2025\/wp-json\/wp\/v2\/types\/page"}],"author":[{"embeddable":true,"href":"https:\/\/radiosantuario.cl\/2025\/wp-json\/wp\/v2\/users\/1"}],"replies":[{"embeddable":true,"href":"https:\/\/radiosantuario.cl\/2025\/wp-json\/wp\/v2\/comments?post=5060"}],"version-history":[{"count":0,"href":"https:\/\/radiosantuario.cl\/2025\/wp-json\/wp\/v2\/pages\/5060\/revisions"}],"wp:attachment":[{"href":"https:\/\/radiosantuario.cl\/2025\/wp-json\/wp\/v2\/media?parent=5060"}],"curies":[{"name":"wp","href":"https:\/\/api.w.org\/{rel}","templated":true}]}}

<p class="has-color-4-color has-text-color has-link-color has-medium-font-size wp-elements-a6bfea22c46b8af266f40beb82216c70">Radio Santuario es el resultado del trabajo comprometido de un equipo heterogéneo, donde conviven la vocación, la experiencia y el espíritu comunitario. Está compuesto por voluntarios que entregan generosamente su tiempo, energía y talentos para sostener una programación con sentido.</p>



<p class="has-color-4-color has-text-color has-link-color has-medium-font-size wp-elements-66b9435ac74ff5d5892fde44d982e03c">La radio es liderada por su representante legal, <strong>Sara Bown</strong>, y su director, <strong>Iván Farah</strong>, quienes guían el proyecto con visión y compromiso. A ellos se suma la periodista <strong>Doris Pons</strong>, encargada de aportar rigor informativo y sensibilidad comunicacional.</p>



<p class="has-color-4-color has-text-color has-link-color has-medium-font-size wp-elements-81732a3870737699c49eb4ce7d1ca1ed">El soporte técnico está a cargo de <strong>Jaime Caminada</strong>, quien asegura la calidad y continuidad de nuestras transmisiones. Y la identidad sonora de la emisora cobra vida gracias a la voz corporativa del locutor <strong>Anselmo Cortés</strong>, cuya presencia marca el tono institucional de Radio Santuario.</p>



<p class="has-color-4-color has-text-color has-link-color has-medium-font-size wp-elements-d8331e658dffc8bbb41fd0f7708bc8fa">Juntos, conformamos un equipo que cree en la comunicación como herramienta de encuentro, servicio y transformación.</p>

<p>Radio Santuario es el resultado del trabajo comprometido de un equipo heterogéneo, donde conviven la vocación, la experiencia y el espíritu comunitario. Está compuesto por voluntarios que entregan generosamente su tiempo, energía y talentos para sostener una programación con sentido. La radio es liderada por su representante legal, Sara Bown, y su director, Iván Farah, [&hellip;]</p>
